3
Let d(g) = -g**2 - 5*g - 1. Let c be d(-5). Let b = -40 + 19. List the prime factors of -1*b/(-1)*c.
3, 7
Let t be 4/(-8)*1*-2. Let i be -40*14/(-4)*t. Suppose 5*b + i = 5*v, -3*v + 91 = -v + 5*b. What are the prime factors of v?
3, 11
List the prime factors of ((-4653)/(-18))/((-2)/(-4)).
11, 47
Let t = 7 + 4. Suppose 4*i - 29 = t. Suppose 7*l - i = 5*l. List the prime factors of l.
5
What are the prime factors of -1 + -1 + -2 + (-10 - -912)?
2, 449
List the prime factors of (-3 - -52)*(-64)/(-4).
2, 7
Suppose -6*l + 138 = -9*l - 3*b, 0 = l + 3*b + 42. Let w = l - -59. What are the prime factors of w?
11
Let s(p) = 7*p**3 - 5*p**2 + 5*p + 29. Suppose g + 3*g - 4 = 0. Let d(q) = -q**3 + q**2 - q. Let o(x) = g*s(x) + 6*d(x). List the prime factors of o(0).
29
Suppose -2240 = -4*r - 0*c - 5*c, -2*c + 1120 = 2*r. Suppose 0 = -4*z - g + 568, -4*z + 0*z = 3*g - r. What are the prime factors of z?
11, 13
Suppose 0*k + 2*k = 0. Let y(m) = m**3 + m**2 - m - 32. Let i be y(k). Let x = i - -61. What are the prime factors of x?
29
Let w(a) = a**2 + 17*a - 15. Let u be w(-18). Suppose u*t = 6*t - 792. What are the prime factors of (t/(-15))/(6/(-15))?
2, 11
Suppose -2*r + 2*v - 5 = -7, -7 = -4*r + v. Let o be 7 + -3 - 5/1. List the prime factors of ((-65)/10)/(o/r).
13
Suppose 0 = -m - 2*c + 61, 5*m - 289 = 2*c - 4*c. Suppose 0 = -55*r + m*r - 410. List the prime factors of r.
5, 41
Suppose 4*k + 5*d - 3398 = 0, k - 5*d - 727 - 110 = 0. What are the prime factors of k?
7, 11
Let v(k) = -k**3 - 5*k**2 + 3*k - 7. Let o be v(-6). Suppose 11 = g - 7*p + 2*p, 3*p + o = 5*g. List the prime factors of 8 + 32 - (g - 0).
3, 13
Let z = 16 - 25. Let t(f) = 14*f + 65. Let q(b) = 7*b + 32. Let c(v) = -5*q(v) + 2*t(v). List the prime factors of c(z).
3, 11
Suppose 3*a - 432 = -3*a. Let b = -14 + a. What are the prime factors of b?
2, 29
Let s(g) = -7*g**3 + 5*g**2 + 14*g + 5. Let q(p) = -p**3 + p. Let j(x) = 6*q(x) - s(x). Let d be j(7). What are the prime factors of d*(4/(-2) - -3)?
37
List the prime factors of ((-66)/(-18) - 0)*846/2.
3, 11, 47
Let c(s) = s - 9. Let l be c(10). Let k(t) = 60*t**2 - t + 1. What are the prime factors of k(l)?
2, 3, 5
Suppose -i + 96 = 3*i. Suppose 20*a + 276 = i*a. List the prime factors of (-2)/4 - a/(-6).
11
Let r = 1355 + -728. What are the prime factors of r?
3, 11, 19
List the prime factors of 180 + (-1 - (20/(-4) - 0)).
2, 23
Let k be (-19)/(-114) + 17/6. Suppose 2*c - 4*h = 90, k*c + 5*h - 285 = -2*c. List the prime factors of c.
53
Suppose 2*h - 2*b + 3 = -1, -5*h + b = 14. Let g(x) = -7*x + 2. What are the prime factors of g(h)?
23
Let r(q) = 2*q**2 + q - 13. Let u = 8 + -36. Let z = u + 34. List the prime factors of r(z).
5, 13
Let v(b) = 64*b. Let i be v(-3). Let k be i/18*3/(-2). Suppose 14*m + 54 = k*m. What are the prime factors of m?
3
What are the prime factors of 1 + 2112/3 - (-65)/(-13)?
2, 5, 7
Let q be -1 + (-1 - (1 + -3)). Suppose -3*d + 5 + 10 = q. Suppose -o = -d, b + 3*o = -2*b + 39. What are the prime factors of b?
2
Let v = -22 + 21. Let k be 4/(-3 + v)*-31. Suppose u = -4*c + 19 + k, u = -2*c + 46. What are the prime factors of u?
2, 3, 7
Suppose 21*v = -100 - 5. Let j(w) = 3*w**2 - 4*w + 3. Let m be j(2). Let r = m + v. List the prime factors of r.
2
Suppose -p + 4*p = 6. Suppose -68 = -m + p*l, 3*m + l - 53 = 2*m. What are the prime factors of m?
2, 29
Suppose -z = l + 62, -2*l = 3*z - 5*l + 192. Let c be -4*(110/(-4) - -4). Let b = c + z. What are the prime factors of b?
31
Let l(r) = r - 10. Let c be l(12). Suppose -2*y + 30 = -3*t, c*t + 11 + 53 = 5*y. What are the prime factors of y?
2, 3
Let l be 3 - (6/(-33) - 35/(-11)). Suppose l = 3*s + 4*n - 50, -3*s + n = -0*n - 40. List the prime factors of s.
2, 7
Let b(h) = 542*h**2 + 4*h + 5. What are the prime factors of b(-1)?
3, 181
Let z(v) = -1. Let p(r) = 23*r + 6. Let x(h) = -p(h) - 5*z(h). Let s be x(-6). Suppose -4*n + s = 29. List the prime factors of n.
3
Suppose 33*b - 30*b = 39. Let c = 18 - 4. Let s = b + c. What are the prime factors of s?
3
Let o(q) = -149*q. Let d(w) = -297*w - 1. Let r(t) = 6*d(t) - 13*o(t). List the prime factors of r(1).
149
Suppose 4*p - 5*x = 257, 3*p - 2*x = 2*x + 194. Suppose 0*c + c - 36 = -3*n, c - p = -5*n. List the prime factors of n.
11
Suppose 0 = -2*v + 5*b - 111, 2*v + 3*b = -2*v - 209. What are the prime factors of (v + 7)/((-1)/2)?
2, 23
Let i(d) = d**3 - 5*d**2 - 7*d - 17. Let f(n) = -n**3 + 11*n**2 + 2*n - 15. Let a be f(11). What are the prime factors of i(a)?
2
Let f(d) = 11*d - 2. Let p be f(4). Suppose -6*i + 7*i - 4*h + 18 = 0, 0 = -4*i - h + 13. Suppose -i = z - p. List the prime factors of z.
2, 5
Let x(b) = b**3 - 8*b**2 - 8*b - 16. Let p be x(9). Let c(i) = 7*i**2 - 21. List the prime factors of c(p).
2, 7, 23
Let a be 4 + 1 + (-5 - -7). Let s = a + 118. What are the prime factors of s?
5
Let b(c) = c**3 - 14*c**2 + 2*c - 26. Let d be b(14). List the prime factors of (20/(-5))/d - -57.
5, 11
Let m(x) = -14*x + 211. List the prime factors of m(-33).
673
Let r = -15 - -13. List the prime factors of (12/15)/((-4)/170)*r.
2, 17
Let y(q) = 14*q + 30. List the prime factors of y(6).
2, 3, 19
Let f(z) = z**3 - 6*z**2 + 8*z + 2. Let n be f(4). Suppose -5*d - 306 = -n*m - d, 4*m - 579 = -3*d. What are the prime factors of m?
3, 7
Suppose 21 - 51 = -6*o. Suppose -476 - 349 = -o*q. List the prime factors of q.
3, 5, 11
What are the prime factors of (455 - 1) + (38 - 32)?
2, 5, 23
Let k = 5 + -7. Let c(b) = 9*b + 2. Let g be c(k). Let u = g + 21. List the prime factors of u.
5
Suppose 52*h + 4970 = 57*h. What are the prime factors of h?
2, 7, 71
Let i be -1 - (-3)/(-4)*4. What are the prime factors of (-5)/10 - 234/i?
2, 29
Suppose -8 = -4*m - 0. Suppose m*z - 36 = 5*g, 4*z + 0*z = -5*g + 42. What are the prime factors of z?
13
Suppose 0*z = 3*z - 4*q - 25, 2*q + 50 = 4*z. Let c be (208/20)/(30/75). Let y = c - z. List the prime factors of y.
11
Suppose -23 = -5*y - 8. Suppose -4 = -y*p + p, 0 = 5*x + 3*p - 376. What are the prime factors of x?
2, 37
Suppose 5*i - 834 = -2*k, 2*i - i - 2*k = 162. Suppose -2*l - d + 143 = -i, -4*d + 466 = 3*l. What are the prime factors of l?
2, 7, 11
Suppose 21176 = -2*k + 10*k. What are the prime factors of k?
2647
Let z(w) be the second derivative of -5*w**3/6 - 11*w**2/2 - 4*w. Let d be z(-5). List the prime factors of 52/d - 2/(-7).
2
Suppose 0 = -4*k - 2*j + 56 + 170, -k + 49 = 3*j. What are the prime factors of k?
2, 29
Let c(w) = 284*w - 354. List the prime factors of c(7).
2, 19, 43
Suppose 3*d = 8*d - 230. Suppose d = 3*u - 290. What are the prime factors of u?
2, 7
Let r(a) = a**3 - a**2 + 14. Let y be r(0). Let z = y + -11. Suppose z*l - 87 = -0*l. List the prime factors of l.
29
Suppose -15*f = -10*f + 30. Let c(o) = -3*o - 9. What are the prime factors of c(f)?
3
Let v(x) = -21 + 10*x**2 - x**3 - x**2 + 2*x + 2*x**2. What are the prime factors of v(10)?
3, 11
Let v be 12/42 + 86/(-7). Let j = -10 - v. Let z = j + 26. List the prime factors of z.
2, 7
Suppose 5*s - 7 - 3 = 0. Let d = s + -5. What are the prime factors of -1 - d - (-12 - 3)?
17
Suppose -5*z + 177 = -4*o, -49*z + 4*o - 193 = -54*z. What are the prime factors of z?
37
Suppose 10 = -5*z, 2*v - 24 = v + z. Suppose j - v = 4. What are the prime factors of j?
2, 13
Suppose 5*q + 5*u = 2*q + 426, -5*q - 2*u + 691 = 0. Let y = q + -74. Suppose -5*j + y = -2*j. List the prime factors of j.
3, 7
Let c = 498 + -224. Suppose 6*q + 52 - c = 0. What are the prime factors of q?
37
Suppose -10*z - 2277 = -19*z. What are the prime factors of z?
11, 23
Suppose 5*n + 5*j - 220 = 0, 5*n + j - 229 = -21. Let r = n - 7. What are the prime factors of r?
2, 17
Let d(m) = 2*m**3 - 37*m**2 + 3*m - 18. What are the prime factors of d(20)?
2, 3, 23
Let a = -148 + 523. What are the prime factors of a?
3, 5
Let v = -828 - -1624. What are the prime factors of v?
2, 199
Let y = -1372 - -2132. Suppose 0 = -11*s + 3*s + y. List the prime factors of s.
5, 19
Let z(r) = 4*r + 1. Let i be z(1). Suppose -5*o + 21 = -3*s, -o - 2*o + 19 = -i*s. List the prime factors of -16*o/6*-1.
2
Suppose -144 = -4*s + s. Let l = -122 - -125. Suppose -l*i + i = -s. What are the prime factors of i?
2, 3
Let t = 130 - 85. Suppose -5*p - t = 2*f - 2